
Suppose -3*k = 2*k + 4*d - 298859, -5*k + d = -298854. Is k a composite number?
False
Let x = 193110 - -50627. Is x composite?
True
Suppose 2*s + 28 = -5*s. Let k be (14/s - -2)/(1/(-2)). Suppose 0 = -i + 5*g + 772, k*g = -i + 6*g + 766. Is i prime?
True
Let g(h) = 248*h**3 - h**2 + 2. Let z be g(1). Suppose z = 4*f + 5*n, 2*f - 246 = -2*f - 2*n. Suppose -60*k = -f*k + 1553. Is k prime?
True
Suppose -d + 15446 = 3*d - 3*o, -4*d = 5*o - 15430. Suppose 0 = 20*i - d - 4320. Is i composite?
False
Let b = 340765 + -28742. Is b composite?
False
Suppose -12846 = -4*y - 2*y. Let t(g) = g**3 + 48*g**2 - 18*g + 147. Let m be t(-49). Let v = m + y. Is v composite?
False
Suppose -3*f + 2643 + 3591 = v, -5*f = 15. Is v prime?
False
Let k = -22 - -29. Suppose 9*h - k*h = 4. Suppose -h*l + 642 = -212. Is l a composite number?
True
Let y(o) = 322*o**2 - 47*o - 1096. Is y(39) a prime number?
True
Let q(u) = 118*u - 371. Let f be q(7). Let d = f + 1524. Is d composite?
False
Suppose -2*r - 322*l + 103500 = -320*l, 3*l - 3 = 0. Is r prime?
True
Suppose -958190 = 8*f - 8*f - 2*f. Is f composite?
True
Let x = 5132 + 5967. Is x composite?
True
Let s be ((-5120)/48)/(-2*2/60). Suppose 8*r - 22232 = -s. Is r a prime number?
True
Suppose 26*l = 61*l - 404*l + 997294455. Is l a composite number?
True
Let s(w) be the second derivative of -421*w**5/20 + w**4/3 + 5*w**3/6 + 3*w**2/2 + 18*w + 2. Is s(-2) a composite number?
True
Let b = 21753 - 11978. Let l(u) = 932*u - 69. Let v be l(7). Suppose 10*t - v - b = 0. Is t composite?
True
Let g be 15/(-45)*(-6062 + -1). Suppose -7*k + g + 12189 = 0. Suppose 0 = 4*x - 5*o - k, 0 = 2*x + 2*x - o - 2022. Is x a composite number?
True
Suppose 65876 = 30*x - 349534. Is x a composite number?
True
Is 7 + 29/(5/395820*9) a prime number?
False
Let h(m) = 9*m**2 + 4*m + 85954. Let s be h(0). Suppose -28*v - s = -50*v. Is v a prime number?
True
Let r be 7 + -5 - (2 + -1)*-515. Suppose 4*n + 803 = -r. Let d = -145 - n. Is d a prime number?
False
Let y(g) = -g**3 - 18*g**2 + g + 10. Let b be y(-18). Let m = b - -4. Is (-1)/2 + (m - (-5915)/10) prime?
True
Suppose -92*c + 54545918 = 692522. Is c a prime number?
False
Suppose 400 = 9*n + 7*n. Suppose -90 = -28*k + n*k. Is (-2 - k/(-24))*-716 a composite number?
True
Let j be (-3)/(-4 + 50/14). Suppose -2*v = -17 + j. Is 5/((-11736)/2348 + v) prime?
False
Suppose -4*h = 3*q - 350827, -5*h - 584805 = -742*q + 737*q. Is q composite?
False
Is (-37 - -38)/(2/(-199484)*-2) a composite number?
False
Suppose 10*n - 246 = 114. Suppose -28*m = -n*m + 23416. Is m a composite number?
False
Suppose 4*g - 9 = 7. Suppose -3*s + d - g*d = -7929, -3*s - 5*d = -7921. Suppose 0 = -2*i + 10, 8067 = 5*y - 3*i + s. Is y a composite number?
False
Is ((-7)/42)/((-566441)/(-188814) + -3) composite?
False
Let i = 185 - 180. Suppose 0*z = -q - i*z + 1389, 3*q - 4115 = -2*z. Is q composite?
True
Suppose 2*b - 51467 + 11247 = -8*q, -2*q + 5*b + 10044 = 0. Is q composite?
True
Let g be 0/((-12)/(-8)*(-32)/(-24)). Let v(s) = s**2 - s + 1763. Is v(g) composite?
True
Suppose x = 3*x + 4*r - 268590, -268569 = -2*x - r. Is x composite?
True
Let m = -1454 - -7172. Let r = m - -9191. Is r composite?
True
Let x(s) = -8*s - 5 + 2*s**3 - 4*s**3 + 5*s**3 + 8*s**2 - 2*s**3. Is x(-8) a prime number?
True
Suppose 16 = 5*g - 14. Suppose -5*n - u = -5628, -4500 = 2*n - g*n - 2*u. Suppose 0*t = -2*t + n. Is t a composite number?
False
Suppose 0 = w - 4*w - 18, 530476 = 2*n - 5*w. Is n a composite number?
True
Let h(v) = -v**3 + 6*v**2 + 5*v - 21. Let f be h(6). Is (-12291)/(-9) + f/27 prime?
False
Suppose -6*n + n + 10 = 0. Suppose -i = -3*o + 15, -2*o = n*i - 13 + 3. Suppose 3*l - 3715 - 8090 = i. Is l composite?
True
Suppose -11 = -3*n + 13. Suppose b - n*b = -35. Suppose 2*o + o + 346 = 5*u, -b*o - 127 = -2*u. Is u prime?
True
Let c(u) = -3*u**3 - 1. Let w be c(1). Let i be -5 + (2/(-20)*4 - (-3666)/(-235)). Is (w/(-14))/(-1) + (-50679)/i prime?
False
Let m(a) = -88 + 178 - 166*a - 99. Is m(-5) composite?
False
Suppose 0 = -5*d - h + 175, -2*d + 0*h + 87 = -3*h. Suppose -d*z = -31*z - 10. Suppose -x - 4829 = -z*c, -3*x - 7248 = -9*c + 6*c. Is c composite?
True
Suppose 40 = -17*g + 25*g. Is 2084*(-3)/(-20)*g prime?
False
Suppose 3*j = 0, -4*j = -3*y - 3*j + 12. Let f(b) = -685*b + 3. Let p(q) = 343*q - 2. Let n(d) = -3*f(d) - 5*p(d). Is n(y) a composite number?
False
Let x = 886049 - 506632. Is x composite?
False
Suppose 23 = -11*s + 67. Let m be (22/(-33))/(s/18). Is (-5)/((-20)/1936) - 0 - m composite?
False
Let z(b) = 4*b**3 - 22*b**2 + 30*b - 63. Let p be z(7). Suppose 2*c = k + 1543, 2*c = 4*k + 48 + 1492. Let h = c - p. Is h a prime number?
True
Suppose -k = 3*h + 126115 - 750332, -k - 5*h = -624205. Is k a prime number?
False
Suppose 0 = 4*f - 5*f + 6. Is -1 + 6 + 9200 - f composite?
False
Let s be 4/18 + (-10362)/(-27). Suppose -9*o + s = -93. Is o a composite number?
False
Let v(l) = l**2 - 136*l**3 + 2 - 2 + 129*l**3 + l. Let g be v(-1). Suppose -g*h = -3*h - 628. Is h a prime number?
True
Is 1*(-14 - (-21807 + -4)) composite?
True
Suppose 0 = -5*h + 4598 + 4487. Suppose -6*i - 5451 = -9*i - 3*o, -i + 4*o + h = 0. Is i prime?
False
Let w be 1*-2*(2 - 3)*2. Suppose -w + 12 = 4*h. Let o(a) = 49*a**3 - 5*a**2 + 6*a - 3. Is o(h) a prime number?
False
Let w = 17426 - 6318. Is (w/10)/(46/115) prime?
True
Is (27 - 13) + 94739 + 0 composite?
True
Let g = 106454 - -101783. Is g a prime number?
False
Suppose 76 = 30*x - 134. Suppose -u - 62430 = -x*u. Is u a prime number?
False
Is 3 - -46369*1 - (-46 + 49) composite?
True
Let f be (-1*(-7)/14)/(1/642). Let n = 628 - f. Is n prime?
True
Let k = -1289076 + 2384143. Is k composite?
False
Let z(w) = 11656*w - 35. Is z(1) a composite number?
False
Suppose 0 = -2*x - 3*x - 2382 + 16477. Is x a prime number?
True
Let z = -1728 + 2363. Suppose 3*q + 4*i - 5 = 0, -4*q + 0 = -4*i - 16. Suppose 0 = -5*j + w + z, -q*w = w. Is j a prime number?
True
Let u(b) = 593*b**3 + 5*b**2 - 5*b + 5. Suppose -10 = -3*j - 4*r + 5*r, 3*j = 2*r + 14. Is u(j) a composite number?
False
Suppose 5*i = -3*b + 9530, 5*i - 15127 = 3*b - 5567. Let r = i + -1346. Is r composite?
False
Is (-132 + 130)/((-2)/801809) a prime number?
True
Is -1*((-111)/(-148) + 328318/(-8)) a composite number?
False
Suppose -8*m + 5 = -13*m, -108884 = -2*h - 2*m. Is h prime?
True
Is (-176)/(-132) - (-9130)/6 a prime number?
True
Let p(r) = r**2 + 25*r + 25. Let a(t) = 16 + 43 + 28*t - 19*t. Let g be a(-10). Is p(g) composite?
False
Let o = 188430 - 92179. Is o prime?
False
Let k(q) = -54559*q + 2616. Is k(-10) composite?
True
Let i = 51 - 49. Suppose 4*t - 123 = 5*g, 181 = 5*t - i*g + 23. Suppose a = 429 - t. Is a composite?
False
Is (3 - (-3)/3)*408749/(-44)*-1 a composite number?
False
Suppose -2*h - 258*x = -262*x - 297012, 2*x - 8 = 0. Is h a prime number?
False
Suppose -11089912 = -79*q + 9356157. Is q prime?
False
Suppose v + 4*x = 11318, -22666 = -27*v + 25*v - 2*x. Suppose 39*o - 41*o = -v. Is o a composite number?
False
Let i(j) be the third derivative of 359*j**7/1260 - j**6/80 + 7*j**5/60 - 5*j**4/3 - 34*j**2. Let b(g) be the second derivative of i(g). Is b(3) a prime number?
True
Suppose -319*f = -315*f + 3*g - 29629, -22223 = -3*f - 2*g. Is f composite?
False
Let s be ((-3)/9)/(8/64776)*-1. Let j = 15253 - s. Is j prime?
False
Let u(i) = 364*i - 13. Let t(y) = -363*y + 13. Let r(g) = 3*t(g) + 4*u(g). Let h be r(4). Suppose 414 = -3*m + h. Is m prime?
True
Let d(a) = 417*a**2 + 51*a + 307. Is d(-22) a composite number?
True
Is (-436899)/3*14/(-14) a composite number?
False
Is (-5)/30 - (-352627)/6 a composite number?
False
Suppose 3*h - 3*j - 3 = 0, 5*j - j = -4*h + 12. Suppose 0 = -h*i - 105 + 2407. Is i a prime number?
True
Suppose 5*r + x - 17526 = 24604, 3*r = 5*x + 25278. Suppose h - r = -3*n, -4*n - n = 3*h - 14042. Is n prime?
False
Let n(t) = 3117*t**2 + 86*t + 197. Is n(-6) prime?
True
Let m = -99 - -105. Suppose -m*p + 3 = -15. Suppose -2*v = 3*a + a - 550, p*v - 822 = -5*a. Is v prime?
True
Let y(s) = 13984*s - 3521. Is y(3) prime?
True
Suppose 5*o + 4*f - 344591 = -92208, -f + 7 = 0. Is o prime?
False
Let n be (-5)/1 + 0 + 4 + 7. Suppose 5*m - 7483 = -3*w, -3*w + 3*m = n*m - 7479. Suppose -4*h - 3328 = -4*u, -2*h